thousands digit of 491864?
4
What is the tens digit of 13509749?
4
What is the ten thousands digit of 299035?
9
What is the units digit of 7398112?
2
What is the hundreds digit of 4767832?
8
What is the thousands digit of 91303?
1
What is the ten thousands digit of 5639201?
3
What is the thousands digit of 5222196?
2
What is the hundred thousands digit of 810527?
8
What is the thousands digit of 22127?
2
What is the units digit of 3740205?
5
What is the thousands digit of 3107844?
7
What is the hundred thousands digit of 935643?
9
What is the millions digit of 1436588?
1
What is the hundreds digit of 812555?
5
What is the millions digit of 2555633?
2
What is the tens digit of 325712?
1
What is the hundreds digit of 754682?
6
What is the thousands digit of 140402?
0
What is the ten thousands digit of 2085598?
8
What is the thousands digit of 99807?
9
What is the ten thousands digit of 300403?
0
What is the ten thousands digit of 26187365?
8
What is the tens digit of 528470?
7
What is the tens digit of 126231?
3
What is the hundreds digit of 2751742?
7
What is the hundreds digit of 515972?
9
What is the millions digit of 1197327?
1
What is the units digit of 407520?
0
What is the ten millions digit of 10821899?
1
What is the thousands digit of 2861307?
1
What is the units digit of 471152?
2
What is the hundreds digit of 90465?
4
What is the hundreds digit of 43450?
4
What is the units digit of 347724?
4
What is the thousands digit of 5183942?
3
What is the hundreds digit of 486901?
9
What is the hundred thousands digit of 1987210?
9
What is the hundreds digit of 626345?
3
What is the thousands digit of 311639?
1
What is the units digit of 435430?
0
What is the tens digit of 126940?
4
What is the millions digit of 1823027?
1
What is the hundreds digit of 234671?
6
What is the units digit of 342223?
3
What is the hundred thousands digit of 381160?
3
What is the units digit of 25824576?
6
What is the thousands digit of 596431?
6
What is the tens digit of 329831?
3
What is the tens digit of 125112?
1
What is the thousands digit of 22943857?
3
What is the units digit of 135131?
1
What is the units digit of 1109475?
5
What is the units digit of 392393?
3
What is the thousands digit of 242988?
2
What is the tens digit of 903321?
2
What is the hundred thousands digit of 12487991?
4
What is the ten thousands digit of 2284868?
8
What is the hundred thousands digit of 340303?
3
What is the tens digit of 245979?
7
What is the units digit of 64674?
4
What is the thousands digit of 553752?
3
What is the hundred thousands digit of 822780?
8
What is the units digit of 587841?
1
What is the hundreds digit of 1382236?
2
What is the thousands digit of 24542884?
2
What is the units digit of 767184?
4
What is the thousands digit of 283884?
3
What is the tens digit of 177491?
9
What is the thousands digit of 222087?
2
What is the hundred thousands digit of 637766?
6
What is the thousands digit of 11994776?
4
What is the units digit of 2806?
6
What is the hundred thousands digit of 424936?
4
What is the thousands digit of 1908167?
8
What is the tens digit of 938668?
6
What is the hundreds digit of 10160538?
5
What is the hundred thousands digit of 992896?
9
What is the millions digit of 1099840?
1
What is the ten thousands digit of 1018366?
1
What is the hundred thousands digit of 2862130?
8
What is the millions digit of 5181079?
5
What is the tens digit of 148540?
4
What is the hundred thousands digit of 3997413?
9
What is the tens digit of 8991529?
2
What is the thousands digit of 410450?
0
What is the units digit of 640367?
7
What is the units digit of 4634144?
4
What is the millions digit of 6324100?
6
What is the tens digit of 1125830?
3
What is the millions digit of 1071017?
1
What is the tens digit of 2550798?
9
What is the units digit of 2218239?
9
What is the hundreds digit of 230051?
0
What is the units digit of 18232?
2
What is the units digit of 7248841?
1
What is the hundred thousands digit of 198630?
1
What is the units digit of 63002?
2
What is the hundreds digit of 1295018?
0
What is the hundred thousands digit of 643053?
6
What is the hundred thousands digit of 281975?
2
What is the tens digit of 56557?
5
What is the units digit of 156306?
6
What is the millions digit of 8687680?
8
What is the tens digit of 2783939?
3
What is the hundred thousands digit of 121327?
1
What is the hundred thousands digit of 668285?
6
What is the hundred thousands digit of 24357802?
3
What is the hundred thousands digit of 460233?
4
What is the tens digit of 39775090?
9
What is the hundreds digit of 604448?
4
What is the tens digit of 322566?
6
What is the ten thousands digit of 383153?
8
What is the units digit of 18370378?
8
What is the hundred thousands digit of 11695128?
6
What is the hundred thousands digit of 572755?
5
What is the thousands digit of 21843191?
3
What is the units digit of 2745797?
7
What is the ten thousands digit of 1333641?
3
What is the tens digit of 2128171?
7
What is the thousands digit of 18196?
8
What is the ten thousands digit of 140292?
4
What is the millions digit of 1082754?
1
What is the ten thousands digit of 237249?
3
What is the millions digit of 11599751?
1
What is the ten thousands digit of 25561?
2
What is the hundreds digit of 151590?
5
What is the ten thousands digit of 4396200?
9
What is the hundreds digit of 2751304?
3
What is the ten thousands digit of 4493273?
9
What is the ten thousands digit of 2792200?
9
What is the hundred thousands digit of 26156853?
1
What is the hundred thousands digit of 1074290?
0
What is the hundreds digit of 1374243?
2
What is the units digit of 21477944?
4
What is the tens digit of 21532901?
0
What is the hundred thousands digit of 674960?
6
What is the thousands digit of 6151?
6
What is the tens digit of 4490455?
5
What is the ten thousands digit of 53503?
5
What is the millions digit of 1732023?
1
What is the units digit of 129366?
6
What is the thousands digit of 2797050?
7
What is the hundreds digit of 68468?
4
What is the hundreds digit of 25625792?
7
What is the tens digit of 670816?
1
What is the millions digit of 24254291?
4
What is the hundred thousands digit of 338810?
3
What is the hundred thousands digit of 8208098?
2
What is the ten thousands digit of 324652?
2
What is the ten thousands digit of 84513?
8
What is the thousands digit of 591866?
1
What is the hundred thousands digit of 314028?
3
What is the ten millions digit of 13394636?
1
What is the ten millions digit of 17335986?
1
What is the millions digit of 9858004?
9
What is the hundreds digit of 5312227?
2
What is the thousands digit of 469093?
9
What is the ten thousands digit of 10094738?
9
What is the units digit of 4622854?
4
What is the thousands digit of 48158?
8
What is the hundred thousands digit of 23645987?
6
What is the units digit of 5679?
9
What is the ten thousands digit of 428143?
2
What is the thousands digit of 1096861?
6
What is the millions digit of 1541851?
1
What is the hundreds digit of 502330?
3
What is the units digit of 133987?
7
What is the hundreds digit of 562474?
4
What is the units digit of 8527?
7
What is the ten millions digit of 11669847?
1
What is the hundreds digit of 18604?
6
What is the hundreds digit of 1238687?
6
What is the ten thousands digit of 260883?
6
What is the thousands digit of 561566?
1
What is the ten thousands digit of 1134037?
3
What is the tens digit of 204756?
5
What is the tens digit of 60253?
5
What is the thousands digit of 3129443?
9
What is the ten thousands digit of 173246?
7
What is the hundreds digit of 4367137?
1
What is the hundreds digit of 1068754?
7
What is the hundreds digit of 135497?
4
What is the units digit of 22577879?
9
What is the millions digit of 1258225?
1
What is the tens digit of 1307280?
8
What is the thousands digit of 478556?
8
What is the hundred thousands digit of 1105276?
1
What is the hundreds digit of 1617865?
8
What is the ten thousands digit of 702435?
0
What is the millions digit of 21737517?
1
What is the tens digit of 260804?
0
What is the tens digit of 985364?
6
What is the ten thousands digit of 1477664?
7
What is the hundred thousands digit of 532644?
5
What is the ten thousands digit of 4584456?
8
What is the thousands digit of